{"id":399,"date":"2019-01-27T19:58:07","date_gmt":"2019-01-27T18:58:07","guid":{"rendered":"http:\/\/animobil.be\/?page_id=399"},"modified":"2019-01-27T19:58:07","modified_gmt":"2019-01-27T18:58:07","slug":"animobil-aide-soignante-veterinaire","status":"publish","type":"page","link":"https:\/\/www.animobil.be\/index.php\/animobil-aide-soignante-veterinaire\/","title":{"rendered":"Ani&rsquo;Mobil : Aide-soignante v\u00e9t\u00e9rinaire"},"content":{"rendered":"<h3>Ani&rsquo;Mobil est\u00a0un lien, une aide, un compl\u00e9ment<br \/>\nentre le propri\u00e9taire et son v\u00e9t\u00e9rinaire\u2026<\/h3>\n<p>Comme beaucoup de monde, j\u2019aime les animaux et leur bien-\u00eatre me tient \u00e0 c\u0153ur.<br \/>\nAvec les ann\u00e9es, j\u2019ai remarqu\u00e9 qu\u2019il n\u2019est pas toujours facile de bien s\u2019occuper d\u2019un animal.<br \/>\nDonner un m\u00e9dicaments, couper les griffes, voyager avec un animal de compagnie rel\u00e8vent parfois du challenge.<br \/>\nBien choisir la nourriture ou l\u2019am\u00e9nagement d\u2019une cage ne sont pas toujours faciles non plus.<br \/>\nComme aide-soignante v\u00e9t\u00e9rinaire \u00e0 domicile, je peux vous offrir divers services compl\u00e9mentaires \u00e0 ceux des v\u00e9t\u00e9rinaires.<br \/>\nLe bien \u00eatre animalier est fortement implant\u00e9 dans notre soci\u00e9t\u00e9 et j&rsquo;y contribue en m&rsquo;occupant de vos animaux comme si c&rsquo;\u00e9tait les miens\u2026<\/p>\n<p><iframe loading=\"lazy\" width=\"676\" height=\"380\" src=\"https:\/\/www.youtube.com\/embed\/NtLYREWgrds?feature=oembed\" frameborder=\"0\" allow=\"accelerometer; autoplay; encrypted-media; gyroscope; picture-in-picture\" allowfullscreen><\/iframe><\/p>\n<p>&nbsp;<\/p>\n","protected":false},"excerpt":{"rendered":"<p>Ani&rsquo;Mobil est\u00a0un lien, une aide, un compl\u00e9ment entre le propri\u00e9taire et son v\u00e9t\u00e9rinaire\u2026 Comme beaucoup de monde, j\u2019aime les animaux et leur bien-\u00eatre me tient \u00e0 c\u0153ur. Avec les ann\u00e9es, j\u2019ai remarqu\u00e9 qu\u2019il n\u2019est pas toujours facile de bien s\u2019occuper&#8230; <a class=\"more-link\" href=\"https:\/\/www.animobil.be\/index.php\/animobil-aide-soignante-veterinaire\/\">Continue Reading &rarr;<\/a><\/p>\n","protected":false},"author":1,"featured_media":0,"parent":0,"menu_order":0,"comment_status":"closed","ping_status":"closed","template":"","meta":{"footnotes":""},"_links":{"self":[{"href":"https:\/\/www.animobil.be\/index.php\/wp-json\/wp\/v2\/pages\/399"}],"collection":[{"href":"https:\/\/www.animobil.be\/index.php\/wp-json\/wp\/v2\/pages"}],"about":[{"href":"https:\/\/www.animobil.be\/index.php\/wp-json\/wp\/v2\/types\/page"}],"author":[{"embeddable":true,"href":"https:\/\/www.animobil.be\/index.php\/wp-json\/wp\/v2\/users\/1"}],"replies":[{"embeddable":true,"href":"https:\/\/www.animobil.be\/index.php\/wp-json\/wp\/v2\/comments?post=399"}],"version-history":[{"count":1,"href":"https:\/\/www.animobil.be\/index.php\/wp-json\/wp\/v2\/pages\/399\/revisions"}],"predecessor-version":[{"id":400,"href":"https:\/\/www.animobil.be\/index.php\/wp-json\/wp\/v2\/pages\/399\/revisions\/400"}],"wp:attachment":[{"href":"https:\/\/www.animobil.be\/index.php\/wp-json\/wp\/v2\/media?parent=399"}],"curies":[{"name":"wp","href":"https:\/\/api.w.org\/{rel}","templated":true}]}}