{"id":52,"date":"2017-04-19T11:09:39","date_gmt":"2017-04-19T09:09:39","guid":{"rendered":"http:\/\/animobil.be\/?page_id=52"},"modified":"2022-11-05T11:25:49","modified_gmt":"2022-11-05T10:25:49","slug":"gardes-a-domicile","status":"publish","type":"page","link":"https:\/\/www.animobil.be\/index.php\/gardes-a-domicile\/","title":{"rendered":"Gardes \u00e0 domicile"},"content":{"rendered":"<p>Vous devez vous absenter pour votre travail, vous partez un week-end en cong\u00e9 ou vous ne pouvez pas prendre votre animal de compagnie sur votre lieu de vill\u00e9giature.\u00a0Pas de probl\u00e8me, Ani&rsquo;mobil s&rsquo;occupe de lui en votre absence.<\/p>\n<p>Le principe des gardes \u00e0 domicile est d\u2019\u00e9viter le stress li\u00e9 au changement d\u2019environnement et d\u2019habitude de votre compagnon. En particulier, le chat animal casanier, tr\u00e8s sensible \u00e0\u00a0toute rupture de ses habitudes. Une ou plusieurs fois par jour selon vos instructions, je\u00a0nourrirai et soignerai votre animal de compagnie. Une premi\u00e8re visite sera effectu\u00e9e pour r\u00e9gler les diff\u00e9rentes modalit\u00e9s. Les visites sont ponctu\u00e9es par une fiche de passage indiquant les actions effectu\u00e9es et la sant\u00e9 de votre animal. Ces visites \u00e0 domicile sont possibles pour les chiens, chats, oiseaux, poissons, lapins,\u2026<\/p>\n<p>Pour tous soins \u00e0 fournir \u00e0 votre animal, vous vous engagez \u00e0 nous mettre en contact avec votre v\u00e9t\u00e9rinaire traitant.<br \/>\nAinsi que d&rsquo;attester que vous nous d\u00e9l\u00e9guez les soins durant votre absence.<\/p>\n<h5>Des visites* pour vous aider ou vous remplacer lors de la convalescence de votre animal (max 15km de Hoves).<\/h5>\n<p>&#8211; 1 visite* par jour : 20 euros + d\u00e9placement entre 8\u20ac et 13\u20ac selon la distance<\/p>\n<p>&#8211; 2 visites* par jour : 35 euros + d\u00e9placement entre 13\u20ac et 18\u20ac selon la distance<\/p>\n<p>&#8211; transport chez le v\u00e9t\u00e9rinaire pendant votre absence : 31 euros<\/p>\n<h5>Des visites* 1 \u00e0 2 fois par jour,\u00a0 \u00e0 domicile pour veiller sur vos animaux quand vous \u00eates en vacances (max 15km de Hoves).<\/h5>\n<p>&#8211; 1 visite* par jour : 20 euros + d\u00e9placement entre 8\u20ac et 13\u20ac selon la distance<\/p>\n<p>&#8211; 2 visites* par jour : 35 euros + d\u00e9placement entre 13\u20ac et 18\u20ac selon la distance<\/p>\n<p>&#8211; transport chez le v\u00e9t\u00e9rinaire pendant votre absence : 31 euros<\/p>\n<p>* La visite dure en moyenne 1 heure.<\/p>\n","protected":false},"excerpt":{"rendered":"<p>Vous devez vous absenter pour votre travail, vous partez un week-end en cong\u00e9 ou vous ne pouvez pas prendre votre animal de compagnie sur votre lieu de vill\u00e9giature.\u00a0Pas de probl\u00e8me, Ani&rsquo;mobil s&rsquo;occupe de lui en votre absence. Le principe des&#8230; <a class=\"more-link\" href=\"https:\/\/www.animobil.be\/index.php\/gardes-a-domicile\/\">Continue Reading &rarr;<\/a><\/p>\n","protected":false},"author":1,"featured_media":0,"parent":0,"menu_order":0,"comment_status":"closed","ping_status":"closed","template":"","meta":{"footnotes":""},"_links":{"self":[{"href":"https:\/\/www.animobil.be\/index.php\/wp-json\/wp\/v2\/pages\/52"}],"collection":[{"href":"https:\/\/www.animobil.be\/index.php\/wp-json\/wp\/v2\/pages"}],"about":[{"href":"https:\/\/www.animobil.be\/index.php\/wp-json\/wp\/v2\/types\/page"}],"author":[{"embeddable":true,"href":"https:\/\/www.animobil.be\/index.php\/wp-json\/wp\/v2\/users\/1"}],"replies":[{"embeddable":true,"href":"https:\/\/www.animobil.be\/index.php\/wp-json\/wp\/v2\/comments?post=52"}],"version-history":[{"count":7,"href":"https:\/\/www.animobil.be\/index.php\/wp-json\/wp\/v2\/pages\/52\/revisions"}],"predecessor-version":[{"id":445,"href":"https:\/\/www.animobil.be\/index.php\/wp-json\/wp\/v2\/pages\/52\/revisions\/445"}],"wp:attachment":[{"href":"https:\/\/www.animobil.be\/index.php\/wp-json\/wp\/v2\/media?parent=52"}],"curies":[{"name":"wp","href":"https:\/\/api.w.org\/{rel}","templated":true}]}}