{"id":53,"date":"2017-04-19T11:09:39","date_gmt":"2017-04-19T09:09:39","guid":{"rendered":"http:\/\/animobil.be\/?page_id=53"},"modified":"2017-08-08T14:49:46","modified_gmt":"2017-08-08T12:49:46","slug":"transports","status":"publish","type":"page","link":"https:\/\/www.animobil.be\/index.php\/transports\/","title":{"rendered":"Transports"},"content":{"rendered":"<h1 class=\"featured-media\"><\/h1>\n<div class=\"featured-media\">Gr\u00e2ce \u00e0 un v\u00e9hicule sp\u00e9cifique \u00e9quip\u00e9 de cages de transports adapt\u00e9es et d\u2019une civi\u00e8re, je peux accompagner votre animal en toute s\u00e9curit\u00e9.<\/div>\n<div class=\"post-content clear\">\n<p><img loading=\"lazy\" decoding=\"async\" class=\"aligncenter wp-image-310 size-full\" src=\"http:\/\/animobil.be\/wp-content\/uploads\/2017\/04\/AniMobil-6a-2.jpg\" alt=\"\" width=\"8844\" height=\"4961\" srcset=\"https:\/\/www.animobil.be\/wp-content\/uploads\/2017\/04\/AniMobil-6a-2.jpg 8844w, https:\/\/www.animobil.be\/wp-content\/uploads\/2017\/04\/AniMobil-6a-2-300x168.jpg 300w, https:\/\/www.animobil.be\/wp-content\/uploads\/2017\/04\/AniMobil-6a-2-768x431.jpg 768w, https:\/\/www.animobil.be\/wp-content\/uploads\/2017\/04\/AniMobil-6a-2-1024x574.jpg 1024w, https:\/\/www.animobil.be\/wp-content\/uploads\/2017\/04\/AniMobil-6a-2-945x530.jpg 945w, https:\/\/www.animobil.be\/wp-content\/uploads\/2017\/04\/AniMobil-6a-2-600x337.jpg 600w\" sizes=\"(max-width: 8844px) 100vw, 8844px\" \/><\/p>\n<p>Ani\u2019Mobil est l\u00e0 quand<\/p>\n<ul>\n<li>vous ne pouvez vous lib\u00e9rer pour\u00a0d\u00e9poser votre animal chez le v\u00e9t\u00e9rinaire pour une op\u00e9ration ou une visite de routine<\/li>\n<li>vous n\u2019avez pas de v\u00e9hicule pour vous d\u00e9placer avec votre animal<\/li>\n<li>vous avez rendez-vous chez le v\u00e9t\u00e9rinaire, le toiletteur, la pension<\/li>\n<li>vous avez besoin de transporter l\u2019animal sur une civi\u00e8re en urgence<\/li>\n<li>vous devez transf\u00e9rer votre animal d\u2019un cabinet \u00e0 un autre en cage ou sur civi\u00e8re avec ou sans perfusion<\/li>\n<\/ul>\n<p>Pas de probl\u00e8me, je peux me charger du transport de l\u2019animal mais aussi de son propri\u00e9taire.<\/p>\n<\/div>\n","protected":false},"excerpt":{"rendered":"<p>Gr\u00e2ce \u00e0 un v\u00e9hicule sp\u00e9cifique \u00e9quip\u00e9 de cages de transports adapt\u00e9es et d\u2019une civi\u00e8re, je peux accompagner votre animal en toute s\u00e9curit\u00e9. Ani\u2019Mobil est l\u00e0 quand vous ne pouvez vous lib\u00e9rer pour\u00a0d\u00e9poser votre animal chez le v\u00e9t\u00e9rinaire pour une op\u00e9ration&#8230; <a class=\"more-link\" href=\"https:\/\/www.animobil.be\/index.php\/transports\/\">Continue Reading &rarr;<\/a><\/p>\n","protected":false},"author":1,"featured_media":0,"parent":0,"menu_order":0,"comment_status":"closed","ping_status":"closed","template":"","meta":{"footnotes":""},"_links":{"self":[{"href":"https:\/\/www.animobil.be\/index.php\/wp-json\/wp\/v2\/pages\/53"}],"collection":[{"href":"https:\/\/www.animobil.be\/index.php\/wp-json\/wp\/v2\/pages"}],"about":[{"href":"https:\/\/www.animobil.be\/index.php\/wp-json\/wp\/v2\/types\/page"}],"author":[{"embeddable":true,"href":"https:\/\/www.animobil.be\/index.php\/wp-json\/wp\/v2\/users\/1"}],"replies":[{"embeddable":true,"href":"https:\/\/www.animobil.be\/index.php\/wp-json\/wp\/v2\/comments?post=53"}],"version-history":[{"count":13,"href":"https:\/\/www.animobil.be\/index.php\/wp-json\/wp\/v2\/pages\/53\/revisions"}],"predecessor-version":[{"id":311,"href":"https:\/\/www.animobil.be\/index.php\/wp-json\/wp\/v2\/pages\/53\/revisions\/311"}],"wp:attachment":[{"href":"https:\/\/www.animobil.be\/index.php\/wp-json\/wp\/v2\/media?parent=53"}],"curies":[{"name":"wp","href":"https:\/\/api.w.org\/{rel}","templated":true}]}}